{"id":47,"date":"2021-01-17T19:18:29","date_gmt":"2021-01-17T18:18:29","guid":{"rendered":"https:\/\/www.katla-architektur.de\/wordpress\/?page_id=47"},"modified":"2021-12-22T21:07:07","modified_gmt":"2021-12-22T20:07:07","slug":"ueber-mich","status":"publish","type":"page","link":"https:\/\/www.katla-architektur.de\/wordpress\/ueber-mich\/","title":{"rendered":"lebenslauf"},"content":{"rendered":"\n<p class=\"has-text-align-left\">2004-2009 Studium der Architektur an der Georg-Simon-Ohm Hochschule N\u00fcrnberg Abschluss Dipl. Ing (FH) Fachrichtung Architektur<br><br>2009-2018 Im Angestelltenverh\u00e4ltnis t\u00e4tig<br><br>2011 Eintragung in die Liste der bayerischen Architektenkammer<br><br>2014 Teilnahme Wettbewerb, 1. Preis und Realisierung der Kinderkrippe in Neustadt\/Aisch als Angestellte im Ingenieurb\u00fcro Beck<br><br>seit 2017 als selbstst\u00e4ndige Architektin t\u00e4tig<\/p>\n\n\n\n<div class=\"wp-block-image\"><figure class=\"alignleft size-large is-resized\"><img loading=\"lazy\" decoding=\"async\" src=\"https:\/\/www.katla-architektur.de\/wordpress\/wp-content\/uploads\/2021\/01\/IMG_20191012_145930sw-767x1024.jpg\" alt=\"Portrait Kathrin Lackert\" class=\"wp-image-237\" width=\"365\" height=\"486\" srcset=\"https:\/\/www.katla-architektur.de\/wp-content\/uploads\/2021\/01\/IMG_20191012_145930sw-767x1024.jpg 767w, https:\/\/www.katla-architektur.de\/wp-content\/uploads\/2021\/01\/IMG_20191012_145930sw-225x300.jpg 225w, https:\/\/www.katla-architektur.de\/wp-content\/uploads\/2021\/01\/IMG_20191012_145930sw-768x1025.jpg 768w, https:\/\/www.katla-architektur.de\/wp-content\/uploads\/2021\/01\/IMG_20191012_145930sw-1151x1536.jpg 1151w, https:\/\/www.katla-architektur.de\/wp-content\/uploads\/2021\/01\/IMG_20191012_145930sw-1534x2048.jpg 1534w, https:\/\/www.katla-architektur.de\/wp-content\/uploads\/2021\/01\/IMG_20191012_145930sw.jpg 1666w\" sizes=\"auto, (max-width: 365px) 100vw, 365px\" \/><\/figure><\/div>\n\n\n\n<p><\/p>\n","protected":false},"excerpt":{"rendered":"<p>2004-2009 Studium der Architektur an der Georg-Simon-Ohm Hochschule N\u00fcrnberg Abschluss Dipl. Ing (FH) Fachrichtung Architektur 2009-2018 Im Angestelltenverh\u00e4ltnis t\u00e4tig 2011 Eintragung in die Liste der bayerischen Architektenkammer 2014 Teilnahme Wettbewerb, 1. Preis und Realisierung der Kinderkrippe in Neustadt\/Aisch als Angestellte im Ingenieurb\u00fcro Beck seit 2017 als selbstst\u00e4ndige Architektin t\u00e4tig<\/p>\n","protected":false},"author":1,"featured_media":0,"parent":0,"menu_order":0,"comment_status":"closed","ping_status":"closed","template":"","meta":{"footnotes":""},"class_list":["post-47","page","type-page","status-publish","hentry"],"_links":{"self":[{"href":"https:\/\/www.katla-architektur.de\/wordpress\/wp-json\/wp\/v2\/pages\/47","targetHints":{"allow":["GET"]}}],"collection":[{"href":"https:\/\/www.katla-architektur.de\/wordpress\/wp-json\/wp\/v2\/pages"}],"about":[{"href":"https:\/\/www.katla-architektur.de\/wordpress\/wp-json\/wp\/v2\/types\/page"}],"author":[{"embeddable":true,"href":"https:\/\/www.katla-architektur.de\/wordpress\/wp-json\/wp\/v2\/users\/1"}],"replies":[{"embeddable":true,"href":"https:\/\/www.katla-architektur.de\/wordpress\/wp-json\/wp\/v2\/comments?post=47"}],"version-history":[{"count":27,"href":"https:\/\/www.katla-architektur.de\/wordpress\/wp-json\/wp\/v2\/pages\/47\/revisions"}],"predecessor-version":[{"id":533,"href":"https:\/\/www.katla-architektur.de\/wordpress\/wp-json\/wp\/v2\/pages\/47\/revisions\/533"}],"wp:attachment":[{"href":"https:\/\/www.katla-architektur.de\/wordpress\/wp-json\/wp\/v2\/media?parent=47"}],"curies":[{"name":"wp","href":"https:\/\/api.w.org\/{rel}","templated":true}]}}